{"id":3132,"date":"2023-07-17T17:22:44","date_gmt":"2023-07-17T17:22:44","guid":{"rendered":"https:\/\/justcultureconsulting.com\/?page_id=3132"},"modified":"2024-06-27T19:34:44","modified_gmt":"2024-06-27T19:34:44","slug":"publications","status":"publish","type":"page","link":"https:\/\/justcultureconsulting.com\/?page_id=3132","title":{"rendered":"Publications"},"content":{"rendered":"\n<p class=\"has-medium-font-size\"><strong>THE GREATEST INSTRUMENT FOR PROMOTING HARMONY AND CIVILIZATION<\/strong> <\/p>\n\n\n\n<p>&#8220;With an introduction that offers an extensive overview of the subject, this publication contains a large selection of Baha&#8217;i writings on the principle of an International Auxiliary Language (IAL). IAL is seen as the mightiest tool for peaceful and reciprocal relations between the world&#8217;s primary speech&nbsp;communities&#8221;<\/p>\n\n\n\n<figure class=\"wp-block-image size-full\"><a href=\"https:\/\/www.grbooks.com\/products\/greatest-instrument_meyjes?variant=33969340547211\"><img loading=\"lazy\" decoding=\"async\" width=\"231\" height=\"360\" src=\"https:\/\/justcultureconsulting.com\/wp-content\/uploads\/2023\/07\/book1.jpg\" alt=\"\" class=\"wp-image-3138\" srcset=\"https:\/\/justcultureconsulting.com\/wp-content\/uploads\/2023\/07\/book1.jpg 231w, https:\/\/justcultureconsulting.com\/wp-content\/uploads\/2023\/07\/book1-193x300.jpg 193w\" sizes=\"auto, (max-width: 231px) 100vw, 231px\" \/><\/a><\/figure>\n\n\n\n<div data-client-id=\"\" data-file-name=\"Publication_Flyer_The_Greatest_Instrume.pdf\" data-media-url=\"https:\/\/justcultureconsulting.com\/wp-content\/uploads\/2023\/07\/Publication_Flyer_The_Greatest_Instrume.pdf\" id=\"pdf-1\" class=\"wp-block-tropicalista-pdfembed\" style=\"height:600px\" data-apikey=\"285877ee46fd47b5a01f479b275f4d65\" data-filename=\"Publication_Flyer_The_Greatest_Instrume.pdf\" data-mediaurl=\"https:\/\/justcultureconsulting.com\/wp-content\/uploads\/2023\/07\/Publication_Flyer_The_Greatest_Instrume.pdf\" data-embedmode=\"\" data-showdownloadpdf=\"true\" data-showprintpdf=\"true\" data-showpagecontrols=\"true\" data-showfullscreen=\"true\" data-dockpagecontrols=\"true\" data-showannotationtools=\"true\" data-enableformfilling=\"true\"><\/div>\n\n\n\n<div class=\"wp-block-buttons is-layout-flex wp-block-buttons-is-layout-flex\">\n<div class=\"wp-block-button\"><a class=\"wp-block-button__link wp-element-button\" href=\"https:\/\/justcultureconsulting.com\/wp-content\/uploads\/2023\/07\/Publication_Flyer_The_Greatest_Instrume.pdf\">Download PDF<\/a><\/div>\n<\/div>\n\n\n\n<p class=\"has-medium-font-size\"><br><strong>PLAN &#8216;C&#8217; IS FOR CULTURE: OUT OF IRAQ, OPPORTUNITY<\/strong><br>&#8220;In this essay, Dr. Meyjes argues that in foreign military interventions in multiethnic countries, metacultural skills are needed to establish lasting&nbsp;solutions.&#8221;<\/p>\n\n\n\n<div data-client-id=\"\" data-file-name=\"Plan_C_is_for_Culture_Out_of_Iraq_Opport.pdf\" data-media-url=\"https:\/\/justcultureconsulting.com\/wp-content\/uploads\/2023\/07\/Plan_C_is_for_Culture_Out_of_Iraq_Opport.pdf\" id=\"pdf-2\" class=\"wp-block-tropicalista-pdfembed\" style=\"height:600px\" data-apikey=\"285877ee46fd47b5a01f479b275f4d65\" data-filename=\"Plan_C_is_for_Culture_Out_of_Iraq_Opport.pdf\" data-mediaurl=\"https:\/\/justcultureconsulting.com\/wp-content\/uploads\/2023\/07\/Plan_C_is_for_Culture_Out_of_Iraq_Opport.pdf\" data-embedmode=\"\" data-showdownloadpdf=\"true\" data-showprintpdf=\"true\" data-showpagecontrols=\"true\" data-showfullscreen=\"true\" data-dockpagecontrols=\"true\" data-showannotationtools=\"true\" data-enableformfilling=\"true\"><\/div>\n\n\n\n<div class=\"wp-block-buttons is-layout-flex wp-block-buttons-is-layout-flex\">\n<div class=\"wp-block-button\"><a class=\"wp-block-button__link wp-element-button\" href=\"https:\/\/justcultureconsulting.com\/wp-content\/uploads\/2023\/07\/Plan_C_is_for_Culture_Out_of_Iraq_Opport.pdf\">Download PDF<\/a><\/div>\n<\/div>\n\n\n\n<p class=\"has-medium-font-size\"><br><strong>EXPLORING INTERCULTURAL COMPETENCE IN EDUCATION: A GUIDE FOR PRE-SERVICE TEACHERS<\/strong><\/p>\n\n\n\n<p>&#8220;An undergraduate guide for Education students preparing to serve in culturally diverse classrooms justly and&nbsp;effectively.&#8221;<\/p>\n\n\n\n<p><\/p>\n\n\n\n<figure class=\"wp-block-image size-full is-resized\"><a href=\"https:\/\/www.amazon.com\/Exploring-Intercultural-Competence-Education-Pre-Service\/dp\/0558777422\"><img loading=\"lazy\" decoding=\"async\" width=\"768\" height=\"1024\" src=\"https:\/\/justcultureconsulting.com\/wp-content\/uploads\/2023\/07\/intercultural.jpg\" alt=\"\" class=\"wp-image-3172\" style=\"width:933px;height:auto\" srcset=\"https:\/\/justcultureconsulting.com\/wp-content\/uploads\/2023\/07\/intercultural.jpg 768w, https:\/\/justcultureconsulting.com\/wp-content\/uploads\/2023\/07\/intercultural-225x300.jpg 225w, https:\/\/justcultureconsulting.com\/wp-content\/uploads\/2023\/07\/intercultural-600x800.jpg 600w\" sizes=\"auto, (max-width: 768px) 100vw, 768px\" \/><\/a><\/figure>\n\n\n\n<p><strong>Publications by Gregory Paul Meyes.<\/strong><\/p>\n\n\n\n<p class=\"has-black-color has-text-color has-link-color wp-elements-b2711791219dfaf202ac9ef3f466d69a\"><strong>On reseachGate you will find the following publications:<\/strong><br>1) <a href=\"https:\/\/www.researchgate.net\/publication\/308792370_The_choice_of_an_auxiliary_language_for_the_world_Perspectives_within_the_context_of_contemporary_linguistics?_tp=eyJjb250ZXh0Ijp7ImZpcnN0UGFnZSI6InByb2ZpbGUiLCJwYWdlIjoicHJvZmlsZSJ9fQ\">The choice of an auxiliary language for the world. Perspectives within the context of contemporary linguistics<\/a><br>2) <a href=\"https:\/\/www.researchgate.net\/publication\/280764659_The_Greatest_Instrument_for_Promoting_Harmony_and_Civilization?_tp=eyJjb250ZXh0Ijp7ImZpcnN0UGFnZSI6InByb2ZpbGUiLCJwYWdlIjoicHJvZmlsZSJ9fQ\">The Greatest Instrument for Promoting Harmony and Civilization<\/a><br>3) <a href=\"https:\/\/www.researchgate.net\/publication\/280053299_English_beyond_Our_Borders_Reflections_on_the_Risks_Rewards_and_Responsibilities_of_TESOL?_tp=eyJjb250ZXh0Ijp7ImZpcnN0UGFnZSI6InByb2ZpbGUiLCJwYWdlIjoicHJvZmlsZSJ9fQ\"><\/a><a href=\"https:\/\/www.researchgate.net\/publication\/280053629_Multi-Ethnic_Conflicts_in_US_Military_Theatres_Overseas_Intercultural_Imperatives?_tp=eyJjb250ZXh0Ijp7ImZpcnN0UGFnZSI6InByb2ZpbGUiLCJwYWdlIjoicHJvZmlsZSJ9fQ\">Multi-Ethnic Conflicts in U.S. Military Theatres Overseas: Intercultural Imperatives<\/a><br>4) <a href=\"https:\/\/www.researchgate.net\/publication\/280053299_English_beyond_Our_Borders_Reflections_on_the_Risks_Rewards_and_Responsibilities_of_TESOL?_tp=eyJjb250ZXh0Ijp7ImZpcnN0UGFnZSI6InByb2ZpbGUiLCJwYWdlIjoicHJvZmlsZSJ9fQ\">English beyond Our Borders: Reflections on the Risks, Rewards, and Responsibilities of TESOL<\/a><br>5) <a href=\"https:\/\/www.researchgate.net\/publication\/280053343_Plan_'C'_is_for_Culture_Out_of_Iraq_Opportunity?_tp=eyJjb250ZXh0Ijp7ImZpcnN0UGFnZSI6InByb2ZpbGUiLCJwYWdlIjoicHJvZmlsZSJ9fQ\">Plan &#8216;C&#8217; is for Culture. Out of Iraq: Opportunity<\/a><br>6) <a href=\"https:\/\/www.researchgate.net\/publication\/280053418_Language_and_World_Order_in_Baha'i_Perspective_A_New_Paradigm_Revealed?_tp=eyJjb250ZXh0Ijp7ImZpcnN0UGFnZSI6InByb2ZpbGUiLCJwYWdlIjoicHJvZmlsZSJ9fQ\">Language and World Order in Baha&#8217;i Perspective: A New Paradigm Revealed<\/a><br>7) <a href=\"https:\/\/www.researchgate.net\/publication\/300455542_3_Language_and_world_order_in_Baha'i_perspective?_tp=eyJjb250ZXh0Ijp7ImZpcnN0UGFnZSI6InByb2ZpbGUiLCJwYWdlIjoicHJvZmlsZSJ9fQ\">Language and world order in Bah\u00e1\u2019\u00ed perspective<\/a><br>8) <a href=\"https:\/\/www.researchgate.net\/publication\/280053548_Sprache_und_Universalisierung_Sprachokologie_in_den_Baha'i_Schriften?_tp=eyJjb250ZXh0Ijp7ImZpcnN0UGFnZSI6InByb2ZpbGUiLCJwYWdlIjoicHJvZmlsZSJ9fQ\">Sprache und Universalisierung: &#8220;Sprach\u00f6kologie&#8221; in den Bah\u00e1&#8217;\u00ed Schriften<\/a><br>9) <a href=\"https:\/\/www.researchgate.net\/publication\/280053801_Language_and_Universalization_A_Linguistic_Ecology_Reading_of_Baha'i_Writ?_tp=eyJjb250ZXh0Ijp7ImZpcnN0UGFnZSI6InByb2ZpbGUiLCJwYWdlIjoicHJvZmlsZSJ9fQ\">Language and Universalization A \u201cLinguistic Ecology\u201d Reading of Bah\u00e1\u2019\u00ed Writ<\/a>ings<br>10) <a href=\"https:\/\/www.researchgate.net\/publication\/34800210_On_the_status_of_Creole_in_Guadeloupe_microform_a_study_of_present-day_language_attitudes?_tp=eyJjb250ZXh0Ijp7ImZpcnN0UGFnZSI6InByb2ZpbGUiLCJwYWdlIjoicHJvZmlsZSJ9fQ\">On the status of Creole in Guadeloupe [microform] : a study of present-day language attitudes <\/a><br><br><\/p>\n\n\n\n<div class=\"wp-block-buttons is-layout-flex wp-block-buttons-is-layout-flex\">\n<div class=\"wp-block-button\"><a class=\"wp-block-button__link wp-element-button\" href=\"https:\/\/www.researchgate.net\/profile\/Gregory-Meyjes\">Visit researchGate<\/a><\/div>\n<\/div>\n\n\n\n<p><\/p>\n\n\n\n<p><\/p>\n","protected":false},"excerpt":{"rendered":"<p>THE GREATEST INSTRUMENT FOR PROMOTING HARMONY AND CIVILIZATION &#8220;With an introduction that offers an extensive overview of the subject, this<\/p>\n","protected":false},"author":2,"featured_media":0,"parent":0,"menu_order":0,"comment_status":"closed","ping_status":"closed","template":"","meta":{"colormag_page_container_layout":"default_layout","colormag_page_sidebar_layout":"default_layout","nf_dc_page":"","_EventAllDay":false,"_EventTimezone":"","_EventStartDate":"","_EventEndDate":"","_EventStartDateUTC":"","_EventEndDateUTC":"","_EventShowMap":false,"_EventShowMapLink":false,"_EventURL":"","_EventCost":"","_EventCostDescription":"","_EventCurrencySymbol":"","_EventCurrencyCode":"","_EventCurrencyPosition":"","_EventDateTimeSeparator":"","_EventTimeRangeSeparator":"","_EventOrganizerID":[],"_EventVenueID":[],"_OrganizerEmail":"","_OrganizerPhone":"","_OrganizerWebsite":"","_VenueAddress":"","_VenueCity":"","_VenueCountry":"","_VenueProvince":"","_VenueState":"","_VenueZip":"","_VenuePhone":"","_VenueURL":"","_VenueStateProvince":"","_VenueLat":"","_VenueLng":"","_VenueShowMap":false,"_VenueShowMapLink":false,"footnotes":"","_links_to":"","_links_to_target":""},"categories":[],"tags":[],"class_list":["post-3132","page","type-page","status-publish","hentry"],"aioseo_notices":[],"_links":{"self":[{"href":"https:\/\/justcultureconsulting.com\/index.php?rest_route=\/wp\/v2\/pages\/3132","targetHints":{"allow":["GET"]}}],"collection":[{"href":"https:\/\/justcultureconsulting.com\/index.php?rest_route=\/wp\/v2\/pages"}],"about":[{"href":"https:\/\/justcultureconsulting.com\/index.php?rest_route=\/wp\/v2\/types\/page"}],"author":[{"embeddable":true,"href":"https:\/\/justcultureconsulting.com\/index.php?rest_route=\/wp\/v2\/users\/2"}],"replies":[{"embeddable":true,"href":"https:\/\/justcultureconsulting.com\/index.php?rest_route=%2Fwp%2Fv2%2Fcomments&post=3132"}],"version-history":[{"count":27,"href":"https:\/\/justcultureconsulting.com\/index.php?rest_route=\/wp\/v2\/pages\/3132\/revisions"}],"predecessor-version":[{"id":3421,"href":"https:\/\/justcultureconsulting.com\/index.php?rest_route=\/wp\/v2\/pages\/3132\/revisions\/3421"}],"wp:attachment":[{"href":"https:\/\/justcultureconsulting.com\/index.php?rest_route=%2Fwp%2Fv2%2Fmedia&parent=3132"}],"wp:term":[{"taxonomy":"category","embeddable":true,"href":"https:\/\/justcultureconsulting.com\/index.php?rest_route=%2Fwp%2Fv2%2Fcategories&post=3132"},{"taxonomy":"post_tag","embeddable":true,"href":"https:\/\/justcultureconsulting.com\/index.php?rest_route=%2Fwp%2Fv2%2Ftags&post=3132"}],"curies":[{"name":"wp","href":"https:\/\/api.w.org\/{rel}","templated":true}]}}